{"id":1171,"date":"2026-02-25T13:20:02","date_gmt":"2026-02-25T13:20:02","guid":{"rendered":"https:\/\/artm.ro\/?post_type=product&#038;p=1171"},"modified":"2026-04-04T05:31:49","modified_gmt":"2026-04-04T05:31:49","slug":"curs-de-pictura-pentru-adultii-baia-mare-din-6-martie-2026-2","status":"publish","type":"product","link":"https:\/\/artm.ro\/index.php\/produs\/curs-de-pictura-pentru-adultii-baia-mare-din-6-martie-2026-2\/","title":{"rendered":"CURS DE PICTUR\u0102 pentru adul\u021bi, BAIA MARE(aprilie 2026)"},"content":{"rendered":"<p>\u00censcrierea complet\u0103 presupune doi pa\u0219i:<\/p>\n<p>PASUL 1:<\/p>\n<p>Completarea FORMULAR DE INSCRIERE:<\/p>\n<p>https:\/\/forms.gle\/uNpEbgrczgdP7yYd7<\/p>\n<p>PASUL 2;<\/p>\n<p>Plata cu cardul sau virament bancar<\/p>\n<p>ORGANIZATORI:<\/p>\n<p>CULTURAL\u0102 PENTRU ARTE PLASTICE \u0218I MUZIC\u0102 \u201dART-M\u201d MARAMURE\u0218 \u0219i CENTRUL DE FORMARE \u201dART-M\u201d organizeaz\u0103 prezentul CURS DE PICTUR\u0102,prin educa\u021bie non-formala, certificat Art-M \u00ae\ufe0f, cu durata de 9 luni.<\/p>\n<p>Cursul de fa\u021b\u0103 este destinat adolescen\u021bilor \u0219i adul\u021bilor.<\/p>\n<p>Scopul principal al cursului este studiul profesionist al desenului \u0219i picturii, \u00eentr-un climat personalizat pe competen\u021bele fiec\u0103rui cursant.<\/p>\n<p>Scopul urm\u0103re\u0219te at\u00e2t exprimarea \u0219i dezvoltarea creativit\u0103\u021bii la copii \u0219i adul\u021bi c\u00e2t \u0219i oferirea unui bagaj cultural artistic, \u00een\u021belegerea curentelor \u0219i stilurilor artistice.<\/p>\n<p>Cursul se desf\u0103\u0219oar\u0103 \u00een lec\u021bii s\u0103pt\u0103m\u00e2nale dup\u0103 programul fixat prin aceste formular.<\/p>\n<p>Num\u0103rul standard de \u0219edin\u021be\/lec\u021bii este de 4 pe lun\u0103.<\/p>\n<p>Nu se vor \u021bine cursuri \u00een zilele \u0219i sarbatorile libere legale, stabilite prin lege.<\/p>\n<p>DESTINATARI:<\/p>\n<p>ADOLESCENTI SI ADULTI: (14 ani +)<\/p>\n<p>O lec\u021bie dureaz\u0103 2 ore.<\/p>\n<p>Num\u0103rul maxim de cursan\u021bi \u00een grupa este de 10.<\/p>\n<p>Ziua cursului este VINEREA din 6 martie 2026, orele 16:00-18:00.<\/p>\n<p>Materialele sunt asigurate.<\/p>\n<p>Abonamentul lunar este de 400 lei \u0219i cuprinde 4 lec\u021bii\/sesiuni.<\/p>\n<p>LOCA\u021aIA ATELIERULUI: LOCA\u021aIA ATELIERULUI; str. 22 Decembrie Nr. 18, etaj 1 ( Centrul de Medita\u021bii).<\/p>\n","protected":false},"excerpt":{"rendered":"<p>\u00censcrierea complet\u0103 presupune doi pa\u0219i: PASUL 1: Completarea FORMULAR DE INSCRIERE: https:\/\/forms.gle\/uNpEbgrczgdP7yYd7 PASUL 2; Plata cu cardul sau virament bancar ORGANIZATORI: CULTURAL\u0102 PENTRU ARTE PLASTICE \u0218I MUZIC\u0102 \u201dART-M\u201d MARAMURE\u0218 \u0219i CENTRUL DE FORMARE \u201dART-M\u201d organizeaz\u0103 prezentul CURS DE PICTUR\u0102,prin educa\u021bie non-formala, certificat Art-M \u00ae\ufe0f, cu durata de 9 luni. Cursul de fa\u021b\u0103 este destinat adolescen\u021bilor&#8230;<\/p>\n","protected":false},"featured_media":1172,"template":"","meta":[],"product_brand":[],"product_cat":[16],"product_tag":[],"class_list":{"0":"post-1171","1":"product","2":"type-product","3":"status-publish","4":"has-post-thumbnail","6":"product_cat-fara-categorie","8":"first","9":"instock","10":"virtual","11":"purchasable","12":"product-type-simple"},"jetpack_sharing_enabled":true,"_links":{"self":[{"href":"https:\/\/artm.ro\/index.php\/wp-json\/wp\/v2\/product\/1171","targetHints":{"allow":["GET"]}}],"collection":[{"href":"https:\/\/artm.ro\/index.php\/wp-json\/wp\/v2\/product"}],"about":[{"href":"https:\/\/artm.ro\/index.php\/wp-json\/wp\/v2\/types\/product"}],"wp:featuredmedia":[{"embeddable":true,"href":"https:\/\/artm.ro\/index.php\/wp-json\/wp\/v2\/media\/1172"}],"wp:attachment":[{"href":"https:\/\/artm.ro\/index.php\/wp-json\/wp\/v2\/media?parent=1171"}],"wp:term":[{"taxonomy":"product_brand","embeddable":true,"href":"https:\/\/artm.ro\/index.php\/wp-json\/wp\/v2\/product_brand?post=1171"},{"taxonomy":"product_cat","embeddable":true,"href":"https:\/\/artm.ro\/index.php\/wp-json\/wp\/v2\/product_cat?post=1171"},{"taxonomy":"product_tag","embeddable":true,"href":"https:\/\/artm.ro\/index.php\/wp-json\/wp\/v2\/product_tag?post=1171"}],"curies":[{"name":"wp","href":"https:\/\/api.w.org\/{rel}","templated":true}]}}